) = -3*l**2 + 20*l - 50. Let m(w) = -4*w**2 + 19*w - 51. Let k(i) = -4*m(i) + 5*z(i). What is the units digit of k(2)?
6
Let a be (4 + -152)*21/6. Let m = 936 + a. What is the units digit of m?
8
Let l(y) = -3*y + 14. Let h be l(-8). Let d = h + -45. What is the units digit of (-15344)/(-98) + (-3)/d?
7
Suppose -3*y + 8*m = 11*m - 24900, -2*y = 5*m - 16594. What is the hundreds digit of y?
3
Let m = 17126 + -11713. What is the tens digit of m?
1
Let r be 22 - (-25)/((-100)/24). Suppose 0 = -3*u - 0*u + 123. Suppose r = -c + u. What is the units digit of c?
5
Let n(y) = 5*y**3 - 8*y**2 + 16*y + 17. What is the thousands digit of n(11)?
5
Suppose 2*j - 3*t - 479 - 567 = 0, 3*t + 18 = 0. What is the tens digit of j?
1
Let q = -3094 - -4055. What is the tens digit of q?
6
Suppose 0 = 5*o - 8 - 107. Suppose 0 = 4*t + 7 - o. Suppose -t*v = -7 - 161. What is the tens digit of v?
4
Let z(m) = -6*m - 22. Let h be z(-14). Suppose 2*f = 2*b - 3*b + 18, -h = -4*b + 2*f. Suppose 3*i - 2*i - b = 0. What is the tens digit of i?
1
Suppose -5*m = 3*v - 9*m - 4011, -4*m = v - 1369. What is the hundreds digit of v?
3
Let w = 107 + -107. Suppose 5*o - 5*g - 25 = w, -g - g + 2 = 2*o. What is the units digit of -2 - o*(-1)/(-3)*-25?
3
Suppose -4*k = 4*m - 13784, -k - 5*m + 5584 = 2130. What is the thousands digit of k?
3
Suppose -112*g + 1662319 = -6056721. What is the hundreds digit of g?
9
Let w be ((-75)/6)/5 + 1387/(-2). What is the units digit of 26/91 - w/14?
0
Let r be -51*5/(-30)*(-518)/(-1). Suppose 20*f - 27643 = -r. What is the thousands digit of f?
1
Let w be ((-2265)/(-25))/(-1) - (-2)/(-5). Let n = 97 + w. Suppose 3 = a + 4*v - n, -4*v = 4*a - 72. What is the units digit of a?
1
Let k(b) = 50*b**2 + 47*b - 18. Let o be k(-6). Suppose 6*c - o = 2220. What is the hundreds digit of c?
6
Let c be ((-189)/2)/(27/(-72)). Suppose j - 10*j = c. What is the units digit of (-2736)/j - 4/(-14)?
8
Let k(x) = x - 52. Let w be k(25). What is the hundreds digit of (w/18)/((-1)/150) + -3?
2
Let t be (-4)/(-14) - ((-6)/(-21) + -2). Suppose 0*z - 2*z = -t. Let x(r) = 62*r**2 - r. What is the tens digit of x(z)?
6
Let p = 31 - 28. Let q be 56/(p + 148/(-52)) - 2. Suppose 5*h - u - q - 81 = 0, 3*h - u = 265. What is the units digit of h?
9
Let l be 3/(3/(-5)) + -12 + 8. What is the tens digit of 60*l/15*-15?
4
Suppose 14*w = -3*w + 51. Suppose -1459 = -d + 3*s, d + w*s = 1667 - 220. What is the thousands digit of d?
1
Let z(f) be the first derivative of 57*f**2/2 - 5*f - 8. Let k(j) = 3*j + 20. Let v be k(-6). What is the units digit of z(v)?
9
Suppose 42*a - 58 = 26. What is the hundreds digit of 0*-5*a/(-50) + 1682?
6
Let q(i) = i**3 - 36*i**2 - 95*i + 112. Let b be -5 + 44*(5 + -4). What is the hundreds digit of q(b)?
9
Suppose -8895 = -4*x - 5*w, 2*x - 3269 = 2*w + 1201. Suppose -4*u + x = 6*u. What is the tens digit of u?
2
Let c = 2872 + -1487. Suppose 4*l - c = 259. What is the units digit of l?
1
Let p = -11 - -16. Suppose 2*s - 342 = p*s. Let k = s - -191. What is the tens digit of k?
7
Let a = 6322 - 4756. What is the thousands digit of a?
1
Let u(y) be the second derivative of -46*y**3/3 - 129*y**2 + 8*y + 17. What is the thousands digit of u(-17)?
1
Let n(z) be the first derivative of 7*z**6/72 - z**5/15 - 5*z**4/24 + 10*z**3/3 - 6. Let m(o) be the third derivative of n(o). What is the units digit of m(-2)?
1
Let o = 809 + -1369. Let m = 34 - o. What is the tens digit of m?
9
Suppose -d - 54 + 5576 = -0*d. What is the units digit of d?
2
Let z be (-2)/(2/(-3)) - 0. Let u(q) = 98*q + 11. What is the tens digit of u(z)?
0
Let a(t) = 162*t + 2709. What is the tens digit of a(48)?
8
Let f(r) = -45 + 49 + 8*r + 77. What is the hundreds digit of f(17)?
2
Let c(o) = 139*o - 64. Suppose 0 = 5*d + 3*j - 42, 3*d - 6*d + 6 = -3*j. What is the tens digit of c(d)?
7
What is the hundreds digit of (-2*10/60)/(-1*2/1056)?
1
Suppose 3*j - 9229 = -4*o, 2*j = -4*o + j + 9231. Suppose 0 = 23*l - o - 4891. What is the units digit of l?
3
Let h(k) = 2*k**2 - 3*k - 25. Let r = 90 - 75. Suppose 0 = 4*m + 2*t - 42, -4*m - 3*t = -r - 28. What is the tens digit of h(m)?
4
Suppose 2*w - 7*y = -5*y + 74914, -5*y + 74942 = 2*w. What is the hundreds digit of w?
4
What is the units digit of 22*6/792 + (-132323)/(-6)?
4
What is the thousands digit of (1037 - 3) + -60 + 50?
1
Suppose -4*z + 2*n + 29234 = 0, 14203 + 7730 = 3*z - 3*n. What is the thousands digit of z?
7
Let c be (63/(-12))/(15/24 + -1). Suppose 2*g - w = 548, -809 = 11*g - c*g - 5*w. What is the units digit of g?
3
Let r = 8739 - 1114. What is the thousands digit of r?
7
Suppose -2*x = k - 144, -226 = x - 4*x - 4*k. Suppose 0 = -4*o + 6*o - 2, x = 2*t + 2*o. What is the tens digit of t?
3
Let c = -77 - -82. Suppose -c*w = -29 - 66. Suppose y + 108 = 4*k, -w = 4*k - 4*y - 127. What is the tens digit of k?
2
Let j be (-2 + (-16)/(-5))/((-3)/30). Let h be (25/(-10) - 0)*j/(-15). Let c(o) = -7*o + 9. What is the units digit of c(h)?
3
Let d(b) = 3*b. Let v be d(3). Let n be (-1 + 15/v)*(1 - 10). What is the units digit of n/(-4)*(-26)/(-3)?
3
Suppose -14 - 261 = -25*n. Suppose -2885 + 157 = -n*l. What is the hundreds digit of l?
2
Suppose 63 = n - 3*p, -5*n = -2*n + 5*p - 203. Suppose -3*d + n = -5*d. Let l = d + 36. What is the units digit of l?
3
Suppose 25*c + 895873 = 158*c - 417901. What is the units digit of c?
8
Let b(x) = 525*x**3 + 6*x**2 - 2*x + 1. Let d(m) = 526*m**3 + 8*m**2 - 3*m + 2. Let q(u) = 3*b(u) - 2*d(u). What is the hundreds digit of q(1)?
5
Let v(z) = 14*z**2 + 18*z + 7. Let l(n) = 4*n + 38. Let w be l(-11). What is the units digit of v(w)?
3
Suppose 4*l + 2*z = 22, -2*l + l + 4*z - 17 = 0. Suppose -l*q + 3081 = -k, -4*k = -5 + 17. What is the thousands digit of q?
1
Let a = 5742 + 649. What is the units digit of a?
1
Let m = -1247 + 1425. What is the tens digit of m?
7
Let d = -69264 + 109878. What is the thousands digit of d?
0
Let h be 5 - (4 - -1) - -3. Suppose h*s + n - 1469 = 0, 5*s - 2529 = -2*n - 81. What is the hundreds digit of s?
4
What is the hundreds digit of (-3 - (-9 + 10)) + 13639?
6
Let g = 192 + -174. Let l(f) = 25*f - 37. What is the hundreds digit of l(g)?
4
Let h = 21437 - 11496. What is the tens digit of h?
4
Suppose 3 - 31 = -14*r. Suppose 0 = -r*i + 3*b + 442, -866 = -4*i + 50*b - 53*b. What is the units digit of i?
8
Let k(m) = 45*m + 11. Let g be k(-6). Let d be (-4)/(4 + -16) + g/3. Let j = 2 - d. What is the units digit of j?
8
Suppose 27 = 2*z - 2*m + 5, -2*z - 2*m + 22 = 0. Suppose z*l + 2928 = 27*l. What is the hundreds digit of l?
1
Suppose 0 = -5*l + 2*z + 147557, 6*l + 675*z - 678*z = 177069. What is the tens digit of l?
1
Let v be 44/7 + 18/(-63). Suppose v*l + 0*l - 480 = 0. Suppose 0 = 2*p - 316 + l. What is the hundreds digit of p?
1
Suppose -2*b = 3*i + 635, -29*i + 28*i + 5*b = 206. Let z = i - -334. What is the hundreds digit of z?
1
Let l(p) = 244*p - 1584. What is the hundreds digit of l(22)?
7
Let s(x) = 7*x + 37. Let z be s(-8). Let u(a) = a**3 + 21*a**2 + 3*a + 78. What is the tens digit of u(z)?
4
Let v(t) = 43*t**2 + 195*t - 25. What is the tens digit of v(-24)?
6
What is the hundreds digit of (19377 - (-4 + -4)) + 231/(-33)?
3
What is the thousands digit of -4 - 35/(245/(-24276))?
3
What is the thousands digit of ((-169532)/(-33))/1*3 + -7?
5
Suppose 0 = -3*v + 3, 2*v = j - 4*j + 1025. Let p = 448 - j. What is the tens digit of p?
0
What is the tens digit of (-170026)/(-3) + 6 - (3 + 24/(-9))?
8
Let z = 170672 - 118256. What is the hundreds digit of z?
4
Let u = -35 - -37. Suppose -4*l = -5*o + 2026 + 812, -5*l = u*o - 1155. What is the hundreds digit of o?
5
Let l be -5 - 12/(-3) - 9. Let f be 6/l - (-15192)/120. Let p = 267 - f. What is the tens digit of p?
4
Let q = 463 - -33. Let m = q - 287. What is the hundreds digit of m?
2
What is the units digit of (2517 + -8 + 5)/((-14)/(-49))?
9
Let t = 43 + -33. Suppose -f + t = 4*f. Suppose -r = 3, 4*r = f*o + 9 - 117. What is the tens digit of o?
4
Let n(k) = -k**3 - k**2 - 2*k - 2. Let u(f) = -35*f**2 - 22*f + 78. Let o(t) = 2*n(t) - u(t). What is the units digit of o(15)?
3
Let z = 144 + -124. Let p = 357 - z. What is the tens digit of p?
3
Let f be (-36)/45*(-7 - -2). Suppose -2*n + f = -4. Suppose -4*c + 2